d by h?
22
Let p = 18986 - 18917. Calculate the remainder when 638 is divided by p.
17
Let u be ((-108)/8)/((-6)/8). Let z be (-6)/(-45)*3 - u/(-5). Suppose -40 = -5*i + z*i. What is the remainder when 159 is divided by i?
39
Let v = -112 - -332. Calculate the remainder when v is divided by 34.
16
Suppose -33*h - 416*h = -57023. Calculate the remainder when 495 is divided by h.
114
Let y = 34 - 29. Let i = y - -12. Suppose -4*v + 17 = -83. What is the remainder when v is divided by i?
8
Let a = 3192 + -2086. Calculate the remainder when a is divided by 220.
6
Let j(u) = -u**2 + 5*u + 6. Let h be j(-3). Let y(p) = -26*p - 260. What is the remainder when y(h) is divided by 14?
12
Let o(m) = -379*m + 13. Let g be o(1). Let h = g - -413. Calculate the remainder when h is divided by 8.
7
Let p be 2 + ((-12)/10)/(6/(-20)). Suppose p*r + 2*r = 144. Let m = 93 + -28. What is the remainder when m is divided by r?
11
Calculate the remainder when 164 is divided by (-747)/(-24) - 84/672.
9
Calculate the remainder when 92 is divided by 1 - -12 - (131 + -138)/(-7 + 0).
8
Calculate the remainder when (-24)/30 + 747/(-45)*-13 is divided by 187.
28
Let i(j) = 123*j**3 + 3*j**2 + j - 1. Let g be i(-1). Let p = g - -83. Let o = 51 + p. Calculate the remainder when 58 is divided by o.
10
Let v = -211 + 404. Let i = -179 + v. Calculate the remainder when 191 is divided by i.
9
What is the remainder when 535 is divided by -4 + (-123)/2*(19 - (-42)/(-2))?
59
Suppose -u + 6*u - 235 = 0. Let v(m) = 9*m**2 + 255*m + 102. What is the remainder when u is divided by v(-28)?
11
Suppose -1805 = -a - 2*u + 2145, -u = 2*a - 7882. Calculate the remainder when a is divided by 101.
100
Suppose 5*o - 2460 = -5*m, 0*m - o = 3*m - 1478. What is the remainder when m is divided by 13?
12
Suppose 3*y - 237 = -f, 20*f + 246 = 3*y + 24*f. What is the remainder when y is divided by 24?
6
Let q(j) = -221*j + 3447. Calculate the remainder when q(12) is divided by 113.
4
Let s = -2 - -2. Suppose s = -5*c + 13 + 2. Suppose 0 = -o - w - 4*w + 26, -5*w = -3*o - 2. Calculate the remainder when o is divided by c.
0
Let u = -118 + 114. Calculate the remainder when 122 is divided by 57 + ((-54)/u)/(-9)*2.
14
Suppose 4*j = -4*j + 30*j - 990. Calculate the remainder when 84 is divided by j.
39
Let d = -12572 - -12652. Calculate the remainder when 10032/21 - (-2)/7 is divided by d.
78
Let a = 7008 - 6945. What is the remainder when 1007 is divided by a?
62
Let b = -40 + 67. Suppose 5*o - 337 = -b. What is the remainder when o is divided by (-252)/(-27) - (-12)/(-9)?
6
Let w = 2720 - 2577. What is the remainder when 281 is divided by w?
138
Let s = -583 - -580. Calculate the remainder when -1 - (-67 + s) - (-10)/(-2) is divided by (-4)/(-2)*12*1.
16
Let r(k) = -5*k**3 - 130*k**2 - 2*k + 52. Let i = 34 + -16. What is the remainder when r(-26) is divided by i?
14
Let s(c) = -c**3 - 50*c**2 - 267*c - 127. Calculate the remainder when 2117 is divided by s(-44).
2
Let b be (5/(-2))/((-5)/10). Let x(v) = 27*v - 66. Calculate the remainder when x(b) is divided by 38.
31
Let n = 20 + -3. Calculate the remainder when 202/n + (-12)/(-102) is divided by 2.
0
Let w be -85 - ((-3)/(-5))/((-1)/(-5)). Let b = w + 190. Let s = b - 49. Calculate the remainder when s is divided by 14.
11
Let o(v) = -8*v + 15. Calculate the remainder when 180 is divided by o(-5).
15
Let s = -11008 - -12956. What is the remainder when s is divided by 36?
4
Let i = 119 - 117. Suppose -509 = -5*h - 3*l, -i*h - 4*l + l + 209 = 0. Calculate the remainder when 698 is divided by h.
98
Let g(l) = -16*l**3 - l**2 - l - 13. Let n be g(-3). Suppose -8*w + 139 = -n. Calculate the remainder when w is divided by 12.
9
Let k = -218 - -243. Suppose k*q - 373 - 252 = 0. Calculate the remainder when 244 is divided by q.
19
Suppose 7109*y - 2726 = 7015*y. Suppose 0 = -2*d - 0*d + 8. Suppose 0 = -f + 8 + d. What is the remainder when y is divided by f?
5
Let m(d) = 3*d**3 + 206*d**2 - 279*d + 221. What is the remainder when 885 is divided by m(-70)?
130
Let k = 3551 - 3518. Calculate the remainder when 1311 is divided by k.
24
Let f be 82*1/(-2) - -4. Let t = -312 - -289. Let l = t - f. What is the remainder when 30 is divided by l?
2
Let k(h) = -2*h**3 + 21*h**2 + 9*h + 22. Let u be k(11). Suppose 3*v = -2*v - 4*l + 273, -v - 4*l + 45 = u. Calculate the remainder when 569 is divided by v.
56
Suppose 3*i = -2*p + 273, -6*p + 3*i - 135 = -7*p. Suppose -w = l - p, 6*w - 7*w - 414 = -3*l. Calculate the remainder when l is divided by 67.
4
Suppose -p = -2*s - 3 - 7, 0 = 2*p + 5*s + 25. Let i(a) = a**3 - a**2 + 2*a + 33. Calculate the remainder when 5 - (-99)/(-21) - (-850)/14 is divided by i(p).
28
Suppose -17*p + 411 = -1561. Suppose -307*t - p = -309*t. What is the remainder when 95 is divided by t?
37
Suppose 21*m - 19*m - 242 = 0. Suppose f + 108 - m = 0. What is the remainder when 46 is divided by f?
7
Let n = -34 + 40. What is the remainder when (-7896)/(-36) - ((-20)/3 - -7) is divided by n?
3
Let p(n) = -57*n - 17. Suppose -s - 5*g = 6, -2*s + 22*g = 21*g + 12. What is the remainder when p(s) is divided by 8?
5
Let f = -13242 - -47321. Calculate the remainder when f is divided by 96.
95
Let d = 9514 + -9391. What is the remainder when 625 is divided by d?
10
Suppose -k + 3*k - 554 = 0. Let o = -23 - -83. Suppose -7*n + k = o. What is the remainder when n is divided by 11?
9
Suppose 0 = -6*a + 137 + 199. Suppose -6*i + 440 = a. Suppose 32 = 4*l - 3*n - 6, 4*n = 8. What is the remainder when i is divided by l?
9
Let z(o) = -o**2 + 2*o + 8. Let v be z(0). Suppose 57 = v*j - 55. Calculate the remainder when 6/(-27) + 263/9 - 2 is divided by j.
13
Let p(g) = -10*g + 757. Calculate the remainder when p(41) is divided by 57.
5
Let r = 18740 - 17723. Calculate the remainder when r is divided by 23.
5
Suppose 806 + 134 = 5*b. Calculate the remainder when b is divided by -9 - -26 - (-6)/3.
17
Suppose 0 = 2*w + i - 139, w + 3*w - 3*i - 293 = 0. What is the remainder when (w/(-4))/((-29)/116) is divided by 37?
34
Suppose -f - 4*k - 43 = -9*k, -5*k + 247 = -4*f. Let g = f - -83. What is the remainder when 101 is divided by g?
11
Suppose u - 2*h - 280 = 0, 3*u + 12*h - 7*h - 873 = 0. What is the remainder when u is divided by 20?
6
Let q(j) = -j**3 + 2*j**2 + 5*j + 17. What is the remainder when ((0 - 16)*-14)/(7 - 5) is divided by q(0)?
10
Let x(s) = -s**2 - 14*s - 18. Calculate the remainder when 142 is divided by x(-6).
22
Let y be (-1 - (-35)/10)*22. Let v(c) = c**3 - 56*c**2 + 52*c + 175. What is the remainder when 22 is divided by v(y)?
2
Let v(k) = 132*k**2 - 33*k + 45. What is the remainder when v(5) is divided by 16?
12
What is the remainder when 879 is divided by ((-8230)/(-8))/5 - 77/44?
63
Suppose 35*v - 5*v - 201*v = -33003. Calculate the remainder when v is divided by 25.
18
Suppose -3*q + 3*p + 219 = -2*q, 0 = -4*q + 2*p + 886. Suppose 26 = -8*z + 482. What is the remainder when q is divided by z?
51
Suppose 5*l - 2*p + 42 - 190 = 0, 3*p - 3 = 0. Suppose 3*b = 22*x - 26*x + 42, 24 = -4*x. Calculate the remainder when l is divided by b.
8
Suppose w - 32 - 86 = 0. Suppose 42*r - 52*r + 30 = 0. Suppose r*s - w = 125. What is the remainder when s is divided by 14?
11
Let b(f) = -6*f + 65. Let s be ((-2)/4)/(1*4/(-328)). Let j = s + -9. What is the remainder when j is divided by b(10)?
2
What is the remainder when 23 is divided by (1/6*22)/(109/327)?
1
Let l be 1/(-4) + 171/76. Suppose 0 = -p + 5*f + 45, -2*f = 2*p + l*f - 48. What is the remainder when 176 is divided by p?
26
Let c(u) = 6 - 13 - 14 + u**3 - 28*u - 30 + 23*u**2. Suppose 0 = j + 4, -5*j = -2*h - h + 38. What is the remainder when c(-24) is divided by h?
3
Suppose 300*f - 23215 + 10615 = 0. Let n(l) = l**3 + 11*l**2 + 9*l + 7. What is the remainder when n(-8) is divided by f?
1
Suppose 20*f = -27 - 13. Calculate the remainder when 77 is divided by f + (-24 + -4)/(-1).
25
Suppose -2*t + 766 = -2*i, -t - 2*t = -i - 1157. Suppose 381*q = t*q - 942. Let s = 107 - 67. Calculate the remainder when q is divided by s.
37
Suppose 90*z - 1576 + 50 - 1714 = 0. Calculate the remainder when 2185 is divided by z.
25
Let m(y) = -y + 111. Let s be m(-21). Let i = 171 - s. Calculate the remainder when 1